{"id":1150,"date":"2018-09-01T12:03:23","date_gmt":"2018-09-01T12:03:23","guid":{"rendered":"http:\/\/salvabre.ch\/?page_id=1150"},"modified":"2018-09-09T18:48:44","modified_gmt":"2018-09-09T18:48:44","slug":"argument-3","status":"publish","type":"page","link":"https:\/\/salvabre.ch\/?page_id=1150&lang=de","title":{"rendered":"Argument"},"content":{"rendered":"<h4><span lang=\"de-CH\">Unser Argument ist in drei Teile gegliedert:<\/span><\/h4>\n<ul>\n<li><a href=\"#okologisch\">\u00d6kologisch<\/a><\/li>\n<li><a href=\"#wirtschaftlich\"><span lang=\"de-CH\">Wirtschaftlich<\/span><\/a><\/li>\n<li><a href=\"#moralisch\">Moralisch<\/a><\/li>\n<\/ul>\n<hr \/>\n<h3><span lang=\"de-CH\"><a id=\"okologisch\"><\/a>\u00d6kologisch<\/span><\/h3>\n<p><span lang=\"de-CH\">Die Menge an Verkehr, L\u00e4rm und Abfall, die bei einem 5-Sterne-Hotelbetrieb entsteht, ist absolut unvereinbar mit der nat\u00fcrlichen Umgebung, in der sich Monte Br\u00e8 befindet. Die Art von \u00dcberschuss und Verschwendung, die dies mit sich bringt, w\u00e4re vielleicht in Saint-Tropez oder Saint-Barthelemy angebracht, aber sicherlich nicht auf unseren Alpenh\u00e4ngen.<\/span><\/p>\n<p><span lang=\"de-CH\"><strong>Erstens, der Bau<\/strong>: Dutzende von H\u00e4usern zerst\u00f6ren und ein Mega-Resort mit mehr als 150 Wohnungen, 20.000 m\u00b2 &#8220;luxuri\u00f6ser&#8221; Wohnfl\u00e4che, 3000 m\u00b2 Spa, ein Hallenbad, 2 Restaurants, Tennispl\u00e4tze bauen: alles an Land, das von der Strasse aus kaum oder gar nicht erreichbar ist. Die Absurdit\u00e4t eines solchen Projekts sollte bereits offensichtlich sein. Das bedeutet 45&#8217;000 Tonnen Material (angenommen 2 Tonnen pro m\u00b2), was mehr als 1&#8217;800 Lastwagen von 25 Tonnen oder mehr als 30&#8217;000 R\u00fcckfahrten von Hubschraubern von 1.5 Tonnen bedeutet. Allen, die unseren Berg kennen, stellen wir die Frage: Wie kann man das \u00fcberhaupt ernsthaft in Betracht ziehen?<\/span><\/p>\n<p><span lang=\"de-CH\"><strong>Dann die Strasse<\/strong>: 150 Appartements und Hotelzimmer, die sich nur eine Hin- und R\u00fcckfahrt pro Wohnung und Tag vorstellen, bedeuten 110&#8217;000 zus\u00e4tzliche Fahrten auf unserer kleinen 5 km langen Strasse. Sie ist so schmal, dass die meisten Autos sich nicht kreuzen k\u00f6nnen! Wir &#8211; andere Bergsteiger &#8211; sind zu Experten f\u00fcr R\u00fcckw\u00e4rtsfahren, Kurven- und steile H\u00e4ngefahren geworden, um gelegentlich ver\u00e4ngstigte Autofahrer durchzulassen. <\/span><\/p>\n<p><span lang=\"de-CH\">Eine solche Verkehrssteigerung ist physikalisch unm\u00f6glich. Vergn\u00fcgungshubschrauber &#8211; oder die Umwandlung der Bergstrasse in eine Autobahn &#8211; sind offensichtlich schlechtere L\u00f6sungen.<\/span><\/p>\n<p><span lang=\"de-CH\"><strong>Schliesslich w\u00fcrde der bewusste Berg selbst<\/strong>, seine wilden Populationen von Tieren, Pilzen und B\u00e4umen unter einer solchen Ausschweifung des Hyper-Konsums an seiner Flanke leiden. F\u00fcr die Menschen w\u00fcrde das Leben unertr\u00e4glich werden; das Mega-Resort w\u00fcrde den gr\u00f6ssten Teil seines \u00d6kosystems einnehmen und noch mehr wachsen wollen; sie w\u00fcrden sich, wie ihre Freunde im Wald, auf den Rang eines indigenen und unerw\u00fcnschten Lebens reduzieren.<\/span><\/p>\n<hr \/>\n<h3><a id=\"wirtschaftlich\"><\/a><span lang=\"de-CH\">Wirtschaftlich<\/span><\/h3>\n<p><span lang=\"de-CH\">Fehlinvestitionen (<em>malinvestments<\/em>), beschrieben in der \u00f6sterreichischen Konjunkturtheorie, sind schlecht zugeordnete Finanzinvestitionen. Sie sind auf k\u00fcnstlich niedrige Kreditkosten und unhaltbares Geldmengenwachstum zur\u00fcckzuf\u00fchren. Fehlinvestitionen entstehen durch das Fraktionale Reserve-System und k\u00fcnstlich niedrige Zinss\u00e4tze. Sie erzeugen falsche Preissignale, die letztlich eine korrigierende Massnahme erfordern: einen Boom, gefolgt von einem Crash.<\/span><\/p>\n<blockquote><p><span lang=\"de-CH\">Die Popularit\u00e4t von Inflation und Kreditausweitung, die ultimative Quelle wiederholter Versuche, Menschen, durch steigende Verschuldung, zu Wohlstand zu verhelfen und damit die Ursache zyklischer finanzieller Schwankungen, ist in der g\u00e4ngigen Terminologie offensichtlich. Der &#8220;Boom&#8221; wird Wachstum, Wohlstand oder Aufstieg genannt. Die unvermeidliche Folge, die Anpassung an die tats\u00e4chlichen Marktbedingungen, heisst Krise, Rezession, Niedergang oder Depression. Die Menschen rebellieren gegen die Vorstellung, dass der Ausl\u00f6ser die Fehlinvestition und der \u00fcberm\u00e4ssige Konsum der guten Zeiten ist und dass solch ein k\u00fcnstliches Wachstum immer zum Scheitern verurteilt ist. Sie suchen den Stein der Weisen, damit es anh\u00e4lt. <strong>(Ludwig von Mises, 1940)<\/strong>.<\/span><\/p><\/blockquote>\n<p><span lang=\"de-CH\">Der \u201cImmobilienboom&#8221;, den wir in der Schweiz seit mehreren Jahrzehnten &#8211; aber erst recht seit 2008 &#8211; kennen, ist ein grundlegendes Beispiel f\u00fcr Fehlinvestitionen.<\/span><\/p>\n<p><span lang=\"de-CH\">\u00dcberzeugen Sie sich selbst: Es ist offensichtlich. Wenn die Kreditkosten gegen Null gehen, vervielfacht sich die Kaufkraft f\u00fcr Immobilien. Die Immobilienpreise m\u00fcssen also steigen, da eine steigende (exponentielle) Geldmenge einen (relativ) konstanten Bestand verfolgt. <\/span>Es bedeutet auch eine st\u00e4ndig wachsende Schuldknechtschaft.<\/p>\n<p><span lang=\"de-CH\">Fragen Sie sich, warum die Universit\u00e4tskosten in den USA in den letzten Jahren so stark gestiegen sind? Oder warum werden Neuwagen im Vergleich zu kaum genutzten Gebrauchtwagen so teuer verkauft? Die Antwort ist einfach und immer gleich: billiger k\u00fcnstlicher Kredit.<\/span><\/p>\n<p><strong><span lang=\"de-CH\">Der Bereich, in dem dieses Ph\u00e4nomen am deutlichsten zutage tritt, ist die Immobilie.<\/span><\/strong><\/p>\n<p><span lang=\"de-CH\">Nat\u00fcrlich ist sich der Gesetzgeber dessen bewusst und stellt sich alle Arten von Patches zur Begrenzung des Kreditflusses vor: Schuldenlimits, Beschr\u00e4nkungen bei der Anlage von Altersguthaben, etc. Die Menschen beobachten auch die Symptome und stimmen nach ihnen ab: Lex Koller, Lex Weber, etc. Dennoch findet der Kredit-Tsunami immer L\u00f6cher, durch die er sich ausbreiten kann, und Spekulanten fehlt es nie an Phantasie, diese Schulden zu verteilen. <\/span><\/p>\n<p><span lang=\"de-CH\">Die Manipulation der Zinss\u00e4tze f\u00fchrt also zu einer Explosion der Immobilienpreise: als nat\u00fcrliche Folge auch zu einem Bauboom. &#8220;Hotelmanagementvertr\u00e4ge&#8221; und &#8220;Mehrzweckresorts&#8221;, wie sie in Monte Br\u00e8 vorgesehen sind, sind hervorragende Beispiele f\u00fcr die L\u00fccken, die den Durst nach Krediten stillen. Sie machen nur Sinn in einem Kontext zunehmender Kreditvergabe sie werden zu Ruinen, wenn dieses exponentielle Schuldenwachstum zwangsl\u00e4ufig aufh\u00f6rt.<\/span><\/p>\n<p><span lang=\"de-CH\">Wenn ein solches Vorhaben der Verschwendung und Zerst\u00f6rung, das nichts mit dem freien Markt zu tun hat &#8211; und alles, was mit der zentralen Wirtschaftsplanung zu tun hat -, die Zerst\u00f6rung eines Berges und seiner Gemeinschaft beinhaltet, muss es durch einstimmigen Willen gestoppt werden.<\/span><\/p>\n<hr \/>\n<h3><a id=\"moralisch\"><\/a>Moralisch<\/h3>\n<p><span lang=\"de-CH\">Selbstbestimmung ist, im weiteren Sinne, als freie Entscheidung zu handeln, ohne jede \u00e4ussere Unterwerfung, zu verstehen. Dies ist eine moderne Version der goldenen Regel, deren Ursprung im Laufe der Zeit verloren gegangen ist: mach es mit anderen so, wie du es mit ihnen machen willst. Mit anderen Worten, Freiheit von Zwang, von der Einleitung von Gewalt. Dies wird auch als individuelle Freiheit bezeichnet. Es ist der kleinste gemeinsame moralische Nenner, den sich die Zivilisation vorgestellt hat; es repr\u00e4sentiert unser bestes Verst\u00e4ndnis des Naturgesetzes, wie wir es auf unserer Skala auszudr\u00fccken versuchen. Dieses Prinzip ist und bleibt das Fundament unseres Landes und unseres Kantons.<\/span><\/p>\n<p><span lang=\"de-CH\">Wie soll eine isolierte Berggemeinschaft reagieren, wenn ein geheimes Projekt entdeckt wird, bei dem Fremde ihre H\u00e4user monopolisieren und zerst\u00f6ren, ihre Bewohner ersetzen und ihr Paradies durch eine dekadente Verschwendung von Abfall und Beton zerst\u00f6ren wollen?<\/span><\/p>\n<p><span lang=\"de-CH\">Sie hat eine moralische Verpflichtung, nicht nur gegen\u00fcber sich selbst und ihren Kindern, sondern gegen\u00fcber allen gegenw\u00e4rtigen und zuk\u00fcnftigen Lebensformen in den Bergen, sie mit allen m\u00f6glichen friedlichen Mitteln zu stoppen.<\/span><\/p>\n","protected":false},"excerpt":{"rendered":"<p>Unser Argument ist in drei Teile gegliedert: \u00d6kologisch Wirtschaftlich Moralisch \u00d6kologisch Die Menge an Verkehr, L\u00e4rm und Abfall, die bei einem 5-Sterne-Hotelbetrieb entsteht, ist absolut unvereinbar mit der nat\u00fcrlichen Umgebung, in der sich Monte Br\u00e8 befindet. Die Art von \u00dcberschuss und Verschwendung, die dies mit sich bringt, w\u00e4re vielleicht in Saint-Tropez oder Saint-Barthelemy angebracht, aber [&hellip;]<\/p>\n","protected":false},"author":1,"featured_media":0,"parent":0,"menu_order":0,"comment_status":"closed","ping_status":"closed","template":"","meta":[],"_links":{"self":[{"href":"https:\/\/salvabre.ch\/index.php?rest_route=\/wp\/v2\/pages\/1150"}],"collection":[{"href":"https:\/\/salvabre.ch\/index.php?rest_route=\/wp\/v2\/pages"}],"about":[{"href":"https:\/\/salvabre.ch\/index.php?rest_route=\/wp\/v2\/types\/page"}],"author":[{"embeddable":true,"href":"https:\/\/salvabre.ch\/index.php?rest_route=\/wp\/v2\/users\/1"}],"replies":[{"embeddable":true,"href":"https:\/\/salvabre.ch\/index.php?rest_route=%2Fwp%2Fv2%2Fcomments&post=1150"}],"version-history":[{"count":9,"href":"https:\/\/salvabre.ch\/index.php?rest_route=\/wp\/v2\/pages\/1150\/revisions"}],"predecessor-version":[{"id":1720,"href":"https:\/\/salvabre.ch\/index.php?rest_route=\/wp\/v2\/pages\/1150\/revisions\/1720"}],"wp:attachment":[{"href":"https:\/\/salvabre.ch\/index.php?rest_route=%2Fwp%2Fv2%2Fmedia&parent=1150"}],"curies":[{"name":"wp","href":"https:\/\/api.w.org\/{rel}","templated":true}]}}